{"id":406,"date":"2018-02-19T16:51:28","date_gmt":"2018-02-19T15:51:28","guid":{"rendered":"http:\/\/energity.bzh\/?page_id=406"},"modified":"2021-02-13T10:41:37","modified_gmt":"2021-02-13T09:41:37","slug":"qui-suis-je","status":"publish","type":"page","link":"http:\/\/energity.bzh\/index.php\/qui-suis-je\/","title":{"rendered":"Qui suis-je ?"},"content":{"rendered":"<blockquote><p>\u00ab\u00a0Rien ne me passionne, tout m&rsquo;int\u00e9resse\u00a0\u00bb<\/p><\/blockquote>\n<p>Je suis n\u00e9 \u00e0 Morlaix en 1971 dans le Finist\u00e8re et \u00e0 l&rsquo;\u00e2ge de 8 ans et demi \u00e0 la suite de la mort de mon p\u00e8re, j&rsquo;ai perdu mon insouciance.<\/p>\n<blockquote><p>\u00ab\u00a0On a deux vies, et la deuxi\u00e8me commence quand on se rend compte qu&rsquo;on n&rsquo;en a qu&rsquo;une\u00a0\u00bb Confucius<\/p><\/blockquote>\n<p>Alors je n&rsquo;ai eu qu&rsquo;une seule vie&#8230;<\/p>\n<p>C&rsquo;\u00e9tait plut\u00f4t mal parti pour moi mais mon environnement familial et \u00e9ducatif a \u00e9t\u00e9 salvateur : j&rsquo;ai voulu comprendre le monde. Je me suis int\u00e9ress\u00e9 \u00e0 l&rsquo;astrophysique, aux sciences et \u00e0 l&rsquo;informatique en apprenant d\u00e8s l&rsquo;\u00e2ge 13 ans \u00e0 coder (Basic sur ZX81, TO7, ZX Spectrum+,&#8230;) et aussi \u00e0 jouer aux jeux vid\u00e9o !\u00a0 \ud83d\ude09 (mon premier jeu vid\u00e9o f\u00fbt <a href=\"https:\/\/fr.wikipedia.org\/wiki\/Pong\" target=\"_blank\" rel=\"noopener noreferrer\">PONG<\/a> !) A cette \u00e9poque j&rsquo;ai aussi appris \u00e0 naviguer en planche \u00e0 voile (BIC 250 \u00e0 l&rsquo;\u00e9cole de voile de T\u00e9r\u00e9nez, puis en Jet 320 et Tiga Slalom 260,&#8230;), j&rsquo;ai d\u00e9couvert et d\u00e9velopp\u00e9 le sens marin celui qui m&rsquo;a permis de <i>\u00ab\u00a0surfer la vie\u00a0\u00bb<\/i>.<\/p>\n<blockquote><p>\u00ab\u00a0Il y a trois sortes d&rsquo;hommes : les vivants, les morts et ceux qui vont sur la mer\u00a0\u00bb Aristote (*)<\/p><\/blockquote>\n<p>(*) la version antique <a href=\"https:\/\/fr.wikipedia.org\/wiki\/Chat_de_Schr%C3%B6dinger\" target=\"_blank\" rel=\"noopener noreferrer\">du chat de Schr\u00f6dinger<\/a> #m\u00e9canique-quantique \ud83d\ude09<\/p>\n<p>Plus tard j&rsquo;ai \u00e9tudi\u00e9 la physique \u00e0 l&rsquo;UBO de Brest jusqu&rsquo;en Master 1. La physique est l&rsquo;\u00e9tude des lois de la Nature qui est donc une science tr\u00e8s formatrice et essentielle pour comprendre notre monde : de l&rsquo;infiniment petit \u00e0 l&rsquo;infiniment grand. A la sortie de l\u2019universit\u00e9 j&rsquo;aurai aim\u00e9 travailler dans le secteur des \u00e9nergies renouvelables mais dans la fin des ann\u00e9es 1990 il y avait peu de travail en France dans ce secteur. Je commen\u00e7ais \u00e0 me soucier de l\u2019environnement et \u00e0 m&rsquo;int\u00e9resser au r\u00e9chauffement de la plan\u00e8te. J&rsquo;ai envisag\u00e9 de faire de la Recherche : un DEA \u00ab\u00a0Oc\u00e9an &#8211; Atmosph\u00e8re\u00a0\u00bb. Mais l\u00e0 aussi il y avait peu d&#8217;emploi en France dans la Recherche&#8230; Par contre \u00e0 cette \u00e9poque juste avant l&rsquo;an 2000 il y avait une p\u00e9nurie d&rsquo;informaticiens&#8230;\u00a0 Ainsi de 1999 \u00e0 2008 j&rsquo;ai travaill\u00e9 dans le secteur informatique (gestion \/ t\u00e9l\u00e9com) et depuis 2009 je suis \u00e0 mon compte dans le commerce en ligne (attention \u00e0 toi Jeff Bezos \ud83d\ude09 )<\/p>\n<p>Depuis toujours je suis curieux de tout ainsi depuis de nombreuses ann\u00e9es je m&rsquo;int\u00e9resse plusieurs fois par semaine \u00e0 tous les sujets :<br \/>\n&#8211; sciences<br \/>\n&#8211; technologies<br \/>\n&#8211; \u00e9conomie<br \/>\n&#8211; biologie<br \/>\n&#8211; sexualit\u00e9<br \/>\n&#8211; rapport homme \/ femme<br \/>\n&#8211; les religions<br \/>\n&#8211; neurosciences<br \/>\n&#8211; histoire<br \/>\n&#8211; etc &#8230;<\/p>\n<p>L&rsquo;internet, les livres mais surtout de nombreux documentaires de vulgarisation ainsi que la radio sont mes sources principales d&rsquo;informations.<\/p>\n<p>Dans le d\u00e9sordre voici une liste non exhaustive de personnalit\u00e9s de qui j&rsquo;ai appris ou qui m&rsquo;ont inspir\u00e9 des r\u00e9flexions et des analyses tout au long de ma vie :<\/p>\n<p>&#8211; Hubert Reeves, Carl Sagan, Neil deGrasse Tyson (dont la s\u00e9rie de documentaires Cosmos)\u00a0 : pour la connaissance en astrophysique et de l&rsquo;\u00e9cologie<br \/>\n&#8211; Jared Diamond : comment se sont d\u00e9velopp\u00e9es les civilisations et le lien avec l\u2019environnement : climat, animaux et plantes<br \/>\n&#8211; Charles de Gaulle, Winston Churchill : pour le non conformisme et leur tr\u00e8s grande force d&rsquo;esprit de r\u00e9sistance<br \/>\n&#8211; Gensis Khan, Alexandre Le Grand, Napol\u00e9on Bonaparte : la folie des conqu\u00e9rants et comment un peuple peut les suivre<br \/>\n&#8211; Bill Gates, Steve Jobs : des visionnaires du num\u00e9rique<br \/>\n&#8211; Bernard Maris : l&rsquo;\u00e9conomie n&rsquo;est pas une science, elle n&rsquo;est juste qu&rsquo;au service des id\u00e9ologies<br \/>\n&#8211; Yves Coppens : l&rsquo;humain que nous sommes<br \/>\n&#8211; Fran\u00e7oise H\u00e9ritier : la valence diff\u00e9rentielle des sexes<br \/>\n&#8211; Ir\u00e8ne Frachon, Edward Snowden : la force et la grandeur des lanceurs d&rsquo;alerte<br \/>\n&#8211; Gandhi : la r\u00e9sistance pacifique<br \/>\n&#8211; Confusius, Nicolas Machiavel : les faiblesses de l&rsquo;humanit\u00e9<br \/>\n&#8211; L\u00e9onard de Vinci, Michel-Ange : le g\u00e9nie de la cr\u00e9ativit\u00e9<br \/>\n&#8211; Jo\u00ebl de Rosnay : la soci\u00e9t\u00e9 fluide et \u00ab\u00a0surfer la vie\u00a0\u00bb<br \/>\n&#8211; Nelson Mandela : la force de vie et le dialogue<br \/>\n&#8211; L&rsquo;Abb\u00e9 Pierre : l\u2019altruisme dans l&rsquo;action<br \/>\n&#8211; Albert Jacquard : <i>\u00a0\u00bb L&rsquo;am\u00e9lioration d&rsquo;un groupe n&rsquo;a pas pour base l&rsquo;\u00e9limination des moins bons, ni la s\u00e9lection des meilleurs. Elle vient des personnes handicap\u00e9es qui ont surmont\u00e9 leur handicap.\u00a0\u00bb<\/i><br \/>\n&#8211; Antonio Damasio : le m\u00e9canisme des \u00e9motions, les sentiments naissent des \u00e9motions et non l&rsquo;inverse<br \/>\n&#8211; Jean-Marc Jancovici : sa grande expertise \u00e0 propos de l&rsquo;\u00e9nergie et du climat<br \/>\n&#8211; Albert Einstein : intelligence rebelle, science et conscience<br \/>\n&#8211; Nikola Tesla, Thomas Edison : science, technologie et entreprenariat<br \/>\n&#8211; Charles Darwin : l&rsquo;\u00e9volution des esp\u00e8ces<br \/>\n&#8211; Louis Pasteur : \u00ab\u00a0La chance sourit aux esprit bien pr\u00e9par\u00e9s\u00a0\u00bb<br \/>\n&#8211; Michel Serres : on ne peut \u00eatre vraiment philosophe sans avoir une grande culture en science<br \/>\n&#8211; Boris Cyrulnik et le concept de r\u00e9silience<br \/>\n&#8211; Jean Claude Ameisen : \u00ab\u00a0Sur les \u00e9paules de Darwin\u00a0\u00bb<br \/>\n&#8211; Pablo Servigne : la collapsologie c&rsquo;est \u00e0 dire l&rsquo;\u00e9tude de l&rsquo;effondrement d&rsquo;une soci\u00e9t\u00e9<br \/>\n&#8211; Matthieu Ricard : l&rsquo;altruisme \u00ab\u00a0Plaidoyer pour le bonheur\u00a0\u00bb<br \/>\n&#8211; Aur\u00e9lien Barrau : un esprit qui brille comme mille Soleil !<br \/>\n&#8211; Ga\u00ebl Giraud<br \/>\n&#8211; Jean-Claude Carri\u00e8re<br \/>\n&#8211; Sitting Bull<br \/>\n&#8230;<\/p>\n<p>Ce site \u00e0 pour objectif de partager des connaissances, des r\u00e9flexions et <strong>lancer l&rsquo;alerte \u00e0 propos du d\u00e9s\u00e9quilibre \u00e9nerg\u00e9tique et environnementale qui menace notre humanit\u00e9 \u00e0 court terme<\/strong>.<\/p>\n<p>Et aussi pour <strong>comprendre et partager notre histoire<\/strong> : \u00ab\u00a0la plus grande histoire du monde\u00a0\u00bb celle de l&rsquo;\u00e9nergie qui se dissipe depuis 13,8 milliards d&rsquo;ann\u00e9es et qui structure la mati\u00e8re et les \u00eatres vivants, de l\u2019infiniment petit : la m\u00e9canique quantique \u00e0 l&rsquo;infiniment grand : la toile cosmique&#8230;<\/p>\n<p><strong>Suis-je pessimiste ou optimiste ?<\/strong> Je suis une personne plut\u00f4t optimiste mais j&rsquo;ai de moins en moins confiance dans la nature humaine : la prise de conscience collective est beaucoup trop lente \u00e0 mes yeux face \u00e0 la vitesse \u00e0 laquelle nous atteignons les limites qu&rsquo;impose notre environnement, notre Terre : notre m\u00e8re, <em>\u00ab\u00a0Mother Earth\u00a0\u00bb<\/em>.<\/p>\n<p><b>Aimons-nous, cultivons-nous , \u00e9changeons et r\u00e9agissons ! Il n&rsquo;est pas trop tard pour orienter le monde dans la bonne direction !<\/b><\/p>\n<p>En avril 2020 j&rsquo;ai rejoins <a href=\"https:\/\/theshiftproject.org\/equipe\/#benevoles\" target=\"_blank\" rel=\"noopener noreferrer\">les Shifters<\/a> dans le groupe local de Brest. Les Shifters sont les b\u00e9n\u00e9voles de <a href=\"https:\/\/theshiftproject.org\/ambition\/\" target=\"_blank\" rel=\"noopener noreferrer\">The Shift Project<\/a>.<br \/>\n<a href=\"https:\/\/theshiftproject.org\/equipe\/#benevoles\" target=\"_blank\" rel=\"noopener noreferrer\"><img loading=\"lazy\" decoding=\"async\" class=\"alignnone \" src=\"https:\/\/theshiftproject.org\/wp-content\/uploads\/2017\/10\/SHIFTERS-TSP-L500PX-BLANC.png\" alt=\"Logo Shifters\" width=\"191\" height=\"94\" \/><\/a><\/p>\n<p>Fabrice Guillou<br \/>\nBrest \/ Finist\u00e8re \/ Bretagne \/ France \/ Europe \/ Terre \/ Syst\u00e8me solaire \/ Voie lact\u00e9e \/ Bras d&rsquo;Orion \/ Groupe local \/ Superamas de la Vierge \/ Laniakea \/ Univers<br \/>\nfabrice (a) deltadia . com<\/p>\n<p><img loading=\"lazy\" decoding=\"async\" class=\"alignnone  wp-image-1067\" src=\"http:\/\/energity.bzh\/wp-content\/uploads\/2019\/06\/Galaxie-Androm\u00e8de-300x197.jpg\" alt=\"\" width=\"640\" height=\"420\" srcset=\"http:\/\/energity.bzh\/wp-content\/uploads\/2019\/06\/Galaxie-Androm\u00e8de-300x197.jpg 300w, http:\/\/energity.bzh\/wp-content\/uploads\/2019\/06\/Galaxie-Androm\u00e8de-768x505.jpg 768w, http:\/\/energity.bzh\/wp-content\/uploads\/2019\/06\/Galaxie-Androm\u00e8de-1024x673.jpg 1024w, http:\/\/energity.bzh\/wp-content\/uploads\/2019\/06\/Galaxie-Androm\u00e8de.jpg 1279w\" sizes=\"auto, (max-width: 640px) 100vw, 640px\" \/><\/p>\n<p>Grande galaxie d&rsquo;Androm\u00e8de M31 \/ NGC 224 situ\u00e9e \u00e0 2,55 millions d&rsquo;ann\u00e9es-lumi\u00e8re (constellation d&rsquo;Androm\u00e8de)<\/p>\n<figure style=\"width: 630px\" class=\"wp-caption alignnone\"><img loading=\"lazy\" decoding=\"async\" class=\"size-medium\" src=\"https:\/\/upload.wikimedia.org\/wikipedia\/commons\/thumb\/0\/01\/Galaxies_du_Groupe_local.svg\/640px-Galaxies_du_Groupe_local.svg.png\" width=\"640\" height=\"480\" \/><figcaption class=\"wp-caption-text\">Groupe local : groupe des 60 galaxies auquel appartient la Voie lact\u00e9e<\/figcaption><\/figure>\n<p><img loading=\"lazy\" decoding=\"async\" class=\"alignnone  wp-image-1069\" src=\"http:\/\/energity.bzh\/wp-content\/uploads\/2019\/06\/Laniakea-300x220.jpg\" alt=\"\" width=\"715\" height=\"524\" srcset=\"http:\/\/energity.bzh\/wp-content\/uploads\/2019\/06\/Laniakea-300x220.jpg 300w, http:\/\/energity.bzh\/wp-content\/uploads\/2019\/06\/Laniakea-768x562.jpg 768w, http:\/\/energity.bzh\/wp-content\/uploads\/2019\/06\/Laniakea-1024x750.jpg 1024w, http:\/\/energity.bzh\/wp-content\/uploads\/2019\/06\/Laniakea.jpg 1280w\" sizes=\"auto, (max-width: 715px) 100vw, 715px\" \/><\/p>\n<p>LANIAKEA qui contient le Groupe Local (en bleu)<\/p>\n<figure style=\"width: 990px\" class=\"wp-caption alignnone\"><img loading=\"lazy\" decoding=\"async\" class=\"size-medium\" src=\"https:\/\/www.sciencesetavenir.fr\/assets\/img\/2018\/01\/05\/cover-r4x3w1000-5a4f8e23bacd7-wmap2.jpg\" width=\"1000\" height=\"749\" \/><figcaption class=\"wp-caption-text\">Le rayonnement cosmologique de fond (ici, saisi dans les micro-ondes par le satellite WMAP) repr\u00e9sente la toute premi\u00e8re lumi\u00e8re de l&rsquo;univers, \u00e9mise dans le spectre des micro-ondes seulement 370.000 ans apr\u00e8s le Big Bang<\/figcaption><\/figure>\n","protected":false},"excerpt":{"rendered":"<p>\u00ab\u00a0Rien ne me passionne, tout m&rsquo;int\u00e9resse\u00a0\u00bb Je suis n\u00e9 \u00e0 Morlaix en 1971 dans le Finist\u00e8re et \u00e0 l&rsquo;\u00e2ge de 8 ans et demi \u00e0 la suite de la mort de mon p\u00e8re, j&rsquo;ai perdu mon insouciance. \u00ab\u00a0On a deux vies, et la deuxi\u00e8me commence quand on se rend compte qu&rsquo;on n&rsquo;en a qu&rsquo;une\u00a0\u00bb Confucius &#8230; <a title=\"Qui suis-je ?\" class=\"read-more\" href=\"http:\/\/energity.bzh\/index.php\/qui-suis-je\/\" aria-label=\"En savoir plus sur Qui suis-je ?\">Lire la suite<\/a><\/p>\n","protected":false},"author":2,"featured_media":0,"parent":0,"menu_order":0,"comment_status":"closed","ping_status":"closed","template":"","meta":{"footnotes":""},"class_list":["post-406","page","type-page","status-publish"],"_links":{"self":[{"href":"http:\/\/energity.bzh\/index.php\/wp-json\/wp\/v2\/pages\/406","targetHints":{"allow":["GET"]}}],"collection":[{"href":"http:\/\/energity.bzh\/index.php\/wp-json\/wp\/v2\/pages"}],"about":[{"href":"http:\/\/energity.bzh\/index.php\/wp-json\/wp\/v2\/types\/page"}],"author":[{"embeddable":true,"href":"http:\/\/energity.bzh\/index.php\/wp-json\/wp\/v2\/users\/2"}],"replies":[{"embeddable":true,"href":"http:\/\/energity.bzh\/index.php\/wp-json\/wp\/v2\/comments?post=406"}],"version-history":[{"count":108,"href":"http:\/\/energity.bzh\/index.php\/wp-json\/wp\/v2\/pages\/406\/revisions"}],"predecessor-version":[{"id":1426,"href":"http:\/\/energity.bzh\/index.php\/wp-json\/wp\/v2\/pages\/406\/revisions\/1426"}],"wp:attachment":[{"href":"http:\/\/energity.bzh\/index.php\/wp-json\/wp\/v2\/media?parent=406"}],"curies":[{"name":"wp","href":"https:\/\/api.w.org\/{rel}","templated":true}]}}